836
Calculate the remainder when 3848 is divided by 367.
178
Calculate the remainder when 480835 is divided by 381.
13
Calculate the remainder when 14918 is divided by 14905.
13
Calculate the remainder when 203 is divided by 68.
67
What is the remainder when 29714 is divided by 3687?
218
Calculate the remainder when 852 is divided by 91.
33
Calculate the remainder when 12324 is divided by 18.
12
What is the remainder when 1733 is divided by 159?
143
Calculate the remainder when 27463 is divided by 13.
7
What is the remainder when 154184 is divided by 65?
4
What is the remainder when 4573 is divided by 259?
170
What is the remainder when 7303 is divided by 430?
423
What is the remainder when 43055 is divided by 630?
215
Calculate the remainder when 14074 is divided by 24.
10
What is the remainder when 2486 is divided by 1222?
42
Calculate the remainder when 4330 is divided by 4325.
5
What is the remainder when 116661 is divided by 569?
16
Calculate the remainder when 55360 is divided by 72.
64
What is the remainder when 684197 is divided by 136?
117
Calculate the remainder when 18039 is divided by 215.
194
What is the remainder when 6393356 is divided by 59?
57
Calculate the remainder when 552092 is divided by 61343.
5
What is the remainder when 774343 is divided by 429?
427
Calculate the remainder when 26879 is divided by 84.
83
What is the remainder when 335183 is divided by 121?
13
What is the remainder when 11844 is divided by 167?
154
Calculate the remainder when 20758 is divided by 27.
22
Calculate the remainder when 466841 is divided by 36.
29
Calculate the remainder when 1637950 is divided by 19.
17
What is the remainder when 179996 is divided by 91?
89
What is the remainder when 1754 is divided by 297?
269
What is the remainder when 372633 is divided by 198?
195
Calculate the remainder when 1389 is divided by 442.
63
What is the remainder when 813567 is divided by 22?
7
What is the remainder when 3701 is divided by 6?
5
What is the remainder when 12498 is divided by 6247?
4
Calculate the remainder when 7809 is divided by 2475.
384
Calculate the remainder when 3755 is divided by 156.
11
Calculate the remainder when 584284 is divided by 58.
50
Calculate the remainder when 10433 is divided by 15.
8
What is the remainder when 33936 is divided by 32?
16
Calculate the remainder when 14125 is divided by 456.
445
What is the remainder when 68676 is divided by 26?
10
What is the remainder when 24255 is divided by 115?
105
Calculate the remainder when 60442 is divided by 73.
71
What is the remainder when 630 is divided by 298?
34
Calculate the remainder when 44254 is divided by 16.
14
What is the remainder when 29410 is divided by 1402?
1370
What is the remainder when 590727 is divided by 86?
79
Calculate the remainder when 14891 is divided by 930.
11
What is the remainder when 1812991 is divided by 229?
227
Calculate the remainder when 6427 is divided by 73.
3
What is the remainder when 10328 is divided by 31?
5
What is the remainder when 5258623 is divided by 487?
484
What is the remainder when 18355 is divided by 67?
64
Calculate the remainder when 29697 is divided by 29687.
10
What is the remainder when 239447 is divided by 966?
845
Calculate the remainder when 101863 is divided by 167.
160
What is the remainder when 1762901 is divided by 268?
265
Calculate the remainder when 35982 is divided by 548.
362
What is the remainder when 6072 is divided by 1666?
1074
Calculate the remainder when 95349 is divided by 71.
67
Calculate the remainder when 1056854 is divided by 717.
713
Calculate the remainder when 15530 is divided by 3881.
6
What is the remainder when 512527 is divided by 1003?
997
What is the remainder when 5272 is divided by 667?
603
What is the remainder when 2217274 is divided by 36?
34
What is the remainder when 209279 is divided by 926?
3
What is the remainder when 1424413 is divided by 43?
38
What is the remainder when 3778 is divided by 531?
61
What is the remainder when 582814 is divided by 205?
204
What is the remainder when 43992 is divided by 19?
7
What is the remainder when 3070 is divided by 1524?
22
What is the remainder when 1324407 is divided by 337?
334
Calculate the remainder when 116834 is divided by 2596.
14
Calculate the remainder when 12609815 is divided by 607.
604
Calculate the remainder when 37636 is divided by 3728.
356
Calculate the remainder when 34523 is divided by 416.
411
What is the remainder when 107115 is divided by 19?
12
What is the remainder when 656566 is divided by 17?
9
Calculate the remainder when 19008 is divided by 2714.
10
Calculate the remainder when 409 is divided by 56.
17
Calculate the remainder when 2362189 is divided by 1288.
1285
What is the remainder when 4495 is divided by 50?
45
Calculate the remainder when 278765 is divided by 1052.
1037
What is the remainder when 214287 is divided by 7653?
3
Calculate the remainder when 76 is divided by 63.
13
Calculate the remainder when 1704 is divided by 229.
101
Calculate the remainder when 833364 is divided by 833362.
2
Calculate the remainder when 10580 is divided by 3493.
101
What is the remainder when 21925 is divided by 21780?
145
What is the remainder when 63201 is divided by 208?
177
Calculate the remainder when 149747 is divided by 29949.
2
Calculate the remainder when 2026 is divided by 135.
1
What is the remainder when 2926 is divided by 256?
110
Calculate the remainder when 2278378 is divided by 1270.
1268
What is the remainder when 29218 is divided by 158?
146
Calculate the remainder when 17913 is divided by 1491.
21
Calculate the remainder when 3293 is divided by 1531.
231
What is the remainder when 25262 is divided by 11?
6
What is the remainder when 28110 is divided by 50?
10
Calculate the remainder when 160753 is divided by 41.
33
What is the remainder when 111581 is divided by 51?
44
What is the remainder when 8695 is divided by 789?
16
What is the remainder when 137079 is divided by 87?
54
Calculate the remainder when 319259 is divided by 29.
27
Calculate the remainder when 24836 is divided by 8174.
314
What is the remainder when 34981 is divided by 294?
289
What is the remainder when 28557 is divided by 2102?
1231
Calculate the remainder when 380445 is divided by 16541.
2
What is the remainder when 125418 is divided by 437?
436
What is the remainder when 294894 is divided by 157?
48
What is the remainder when 170118 is divided by 17?
16
Calculate the remainder when 752 is divided by 480.
272
Calculate the remainder when 899 is divided by 109.
27
What is the remainder when 770 is divided by 51?
5
Calculate the remainder when 14432 is divided by 1738.
528
What is the remainder when 3269 is divided by 948?
425
Calculate the remainder when 4670 is divided by 929.
25
Calculate the remainder when 22940 is divided by 3503.
1922
What is the remainder when 94393 is divided by 973?
12
What is the remainder when 33439 is divided by 46?
43
Calculate the remainder when 28221 is divided by 14095.
31
Calculate the remainder when 1477 is divided by 738.
1
Calculate the remainder when 375171 is divided by 185.
176
Calculate the remainder when 33418 is divided by 2059.
474
Calculate the remainder when 72954 is divided by 83.
80
What is the remainder when 21834 is divided by 399?
288
What is the remainder when 19151 is divided by 18143?
1008
What is the remainder when 475736 is divided by 38?
14
Calculate the remainder when 32287 is divided by 49.
45
What is the remainder when 113824 is divided by 1052?
208
Calculate the remainder when 97055 is divided by 1003.
767
Calculate the remainder when 344473 is divided by 15.
13
Calculate the remainder when 39271 is divided by 181.
175
Calculate the remainder when 599 is divided by 202.
195
Calculate the remainder when 23445 is divided by 1953.
9
Calculate the remainder when 4623 is divided by 52.
47
What is the remainder when 8964 is divided by 2734?
762
Calculate the remainder when 901 is divided by 226.
223
Calculate the remainder when 21737 is divided by 2717.
1
What is the remainder when 464 is divided by 324?
140
Calculate the remainder when 3524 is divided by 716.
660
What is the remainder when 25565 is divided by 6270?
485
What is the remainder when 1800 is divided by 385?
260
Calculate t